{"id":28,"date":"2016-06-05T18:31:22","date_gmt":"2016-06-05T16:31:22","guid":{"rendered":"http:\/\/nathaliecopinhypnosechalon.fr\/?page_id=28"},"modified":"2021-06-03T19:13:50","modified_gmt":"2021-06-03T17:13:50","slug":"a-propos","status":"publish","type":"page","link":"https:\/\/nathaliecopinhypnosechalon.fr\/index.php\/a-propos\/","title":{"rendered":"A propos"},"content":{"rendered":"\n<p>Parce que l&rsquo;hypnose et les th\u00e9rapies br\u00e8ves suscitent beaucoup d&rsquo;interrogation, parce que les th\u00e9rapeutes sont nombreux et que le client \u00e0 besoin de savoir, vous trouverez dans ces pages des r\u00e9ponses \u00e0 vos questions. Je reste \u00e0 votre disposition pour vous r\u00e9pondre si vous en avez d&rsquo;autres, vous trouverez un d\u00e9coupage simple: <\/p>\n\n\n\n<p><a rel=\"noreferrer noopener\" aria-label=\"Qui je suis? (s\u2019ouvre dans un nouvel onglet)\" href=\"http:\/\/nathaliecopinhypnosechalon.fr\/index.php\/qui-suis-je\/\" target=\"_blank\">Qui je suis?<\/a><\/p>\n\n\n\n<p><a rel=\"noreferrer noopener\" aria-label=\"Comment se d\u00e9roule une consultation? (s\u2019ouvre dans un nouvel onglet)\" href=\"http:\/\/nathaliecopinhypnosechalon.fr\/index.php\/comment-se-deroule-une-consultation\/\" target=\"_blank\">Comment se d\u00e9roule une consultation?<\/a><\/p>\n\n\n\n<p><a href=\"http:\/\/nathaliecopinhypnosechalon.fr\/index.php\/lhypnose-comment-ca-marche\/\" target=\"_blank\" rel=\"noreferrer noopener\" aria-label=\"L'hypnose comment \u00e7a marche? (s\u2019ouvre dans un nouvel onglet)\">L&rsquo;hypnose comment \u00e7a marche?<\/a><\/p>\n\n\n\n<p><a rel=\"noreferrer noopener\" aria-label=\"L'hypnose pour quoi faire? (s\u2019ouvre dans un nouvel onglet)\" href=\"http:\/\/nathaliecopinhypnosechalon.fr\/index.php\/lhypnose-pour-quoi-faire\/\" target=\"_blank\">L&rsquo;hypnose pour quoi faire?<\/a><\/p>\n\n\n\n<p><a href=\"http:\/\/nathaliecopinhypnosechalon.fr\/index.php\/deontologie\/\" target=\"_blank\" rel=\"noreferrer noopener\" aria-label=\"D\u00e9ontologie (s\u2019ouvre dans un nouvel onglet)\">D\u00e9ontologie<\/a><\/p>\n\n\n\n<p><\/p>\n","protected":false},"excerpt":{"rendered":"<p>Parce que l&rsquo;hypnose et les th\u00e9rapies br\u00e8ves suscitent beaucoup d&rsquo;interrogation, parce que les th\u00e9rapeutes sont nombreux et que le client \u00e0 besoin de savoir, vous trouverez dans ces pages des r\u00e9ponses \u00e0 vos questions. Je reste \u00e0 votre disposition pour vous r\u00e9pondre si vous en avez d&rsquo;autres, vous trouverez un d\u00e9coupage simple: Qui je suis? [&hellip;]<\/p>\n","protected":false},"author":1,"featured_media":0,"parent":0,"menu_order":0,"comment_status":"open","ping_status":"closed","template":"","meta":{"footnotes":""},"yoast_head":"<!-- This site is optimized with the Yoast SEO plugin v23.5 - https:\/\/yoast.com\/wordpress\/plugins\/seo\/ -->\n<title>A propos | Hypnose et Th\u00e9rapies br\u00e8ves<\/title>\n<meta name=\"description\" content=\"Parce que l&#039;hypnose et les th\u00e9rapies br\u00e8ves suscitent beaucoup d&#039;interrogation, parce que les th\u00e9rapeutes sont nombreux et que le client...\" \/>\n<meta name=\"robots\" content=\"index, follow, max-snippet:-1, max-image-preview:large, max-video-preview:-1\" \/>\n<link rel=\"canonical\" href=\"https:\/\/nathaliecopinhypnosechalon.fr\/index.php\/a-propos\/\" \/>\n<meta property=\"og:locale\" content=\"fr_FR\" \/>\n<meta property=\"og:type\" content=\"article\" \/>\n<meta property=\"og:title\" content=\"A propos | Hypnose et Th\u00e9rapies br\u00e8ves\" \/>\n<meta property=\"og:description\" content=\"Parce que l&#039;hypnose et les th\u00e9rapies br\u00e8ves suscitent beaucoup d&#039;interrogation, parce que les th\u00e9rapeutes sont nombreux et que le client...\" \/>\n<meta property=\"og:url\" content=\"https:\/\/nathaliecopinhypnosechalon.fr\/index.php\/a-propos\/\" \/>\n<meta property=\"og:site_name\" content=\"Hypnose et th\u00e9rapies br\u00e8ves\" \/>\n<meta property=\"article:publisher\" content=\"https:\/\/www.facebook.com\/hypnose.chalon.sur.saone\/\" \/>\n<meta property=\"article:modified_time\" content=\"2021-06-03T17:13:50+00:00\" \/>\n<meta name=\"twitter:card\" content=\"summary_large_image\" \/>\n<meta name=\"twitter:label1\" content=\"Dur\u00e9e de lecture estim\u00e9e\" \/>\n\t<meta name=\"twitter:data1\" content=\"1 minute\" \/>\n<script type=\"application\/ld+json\" class=\"yoast-schema-graph\">{\"@context\":\"https:\/\/schema.org\",\"@graph\":[{\"@type\":\"WebPage\",\"@id\":\"https:\/\/nathaliecopinhypnosechalon.fr\/index.php\/a-propos\/\",\"url\":\"https:\/\/nathaliecopinhypnosechalon.fr\/index.php\/a-propos\/\",\"name\":\"A propos | Hypnose et Th\u00e9rapies br\u00e8ves\",\"isPartOf\":{\"@id\":\"https:\/\/nathaliecopinhypnosechalon.fr\/#website\"},\"datePublished\":\"2016-06-05T16:31:22+00:00\",\"dateModified\":\"2021-06-03T17:13:50+00:00\",\"description\":\"Parce que l'hypnose et les th\u00e9rapies br\u00e8ves suscitent beaucoup d'interrogation, parce que les th\u00e9rapeutes sont nombreux et que le client...\",\"breadcrumb\":{\"@id\":\"https:\/\/nathaliecopinhypnosechalon.fr\/index.php\/a-propos\/#breadcrumb\"},\"inLanguage\":\"fr-FR\",\"potentialAction\":[{\"@type\":\"ReadAction\",\"target\":[\"https:\/\/nathaliecopinhypnosechalon.fr\/index.php\/a-propos\/\"]}]},{\"@type\":\"BreadcrumbList\",\"@id\":\"https:\/\/nathaliecopinhypnosechalon.fr\/index.php\/a-propos\/#breadcrumb\",\"itemListElement\":[{\"@type\":\"ListItem\",\"position\":1,\"name\":\"Accueil\",\"item\":\"https:\/\/nathaliecopinhypnosechalon.fr\/\"},{\"@type\":\"ListItem\",\"position\":2,\"name\":\"A propos\"}]},{\"@type\":\"WebSite\",\"@id\":\"https:\/\/nathaliecopinhypnosechalon.fr\/#website\",\"url\":\"https:\/\/nathaliecopinhypnosechalon.fr\/\",\"name\":\"Hypnose et th\u00e9rapies br\u00e8ves\",\"description\":\"Soyez bien, simplement\",\"publisher\":{\"@id\":\"https:\/\/nathaliecopinhypnosechalon.fr\/#\/schema\/person\/f445a33ca84b3d1cd3694ae243e8f500\"},\"potentialAction\":[{\"@type\":\"SearchAction\",\"target\":{\"@type\":\"EntryPoint\",\"urlTemplate\":\"https:\/\/nathaliecopinhypnosechalon.fr\/?s={search_term_string}\"},\"query-input\":{\"@type\":\"PropertyValueSpecification\",\"valueRequired\":true,\"valueName\":\"search_term_string\"}}],\"inLanguage\":\"fr-FR\"},{\"@type\":[\"Person\",\"Organization\"],\"@id\":\"https:\/\/nathaliecopinhypnosechalon.fr\/#\/schema\/person\/f445a33ca84b3d1cd3694ae243e8f500\",\"name\":\"Nathalie Copin\",\"image\":{\"@type\":\"ImageObject\",\"inLanguage\":\"fr-FR\",\"@id\":\"https:\/\/nathaliecopinhypnosechalon.fr\/#\/schema\/person\/image\/\",\"url\":\"https:\/\/secure.gravatar.com\/avatar\/3cb492c8ea2c5179fe5740e2c6111bc2?s=96&d=mm&r=g\",\"contentUrl\":\"https:\/\/secure.gravatar.com\/avatar\/3cb492c8ea2c5179fe5740e2c6111bc2?s=96&d=mm&r=g\",\"caption\":\"Nathalie Copin\"},\"logo\":{\"@id\":\"https:\/\/nathaliecopinhypnosechalon.fr\/#\/schema\/person\/image\/\"},\"sameAs\":[\"https:\/\/nathaliecopinhypnosechalon.fr\/\",\"https:\/\/www.facebook.com\/hypnose.chalon.sur.saone\/\",\"https:\/\/www.youtube.com\/channel\/UC6MzQg6N2SzBxmVIVb4FJTQ\"]}]}<\/script>\n<!-- \/ Yoast SEO plugin. -->","yoast_head_json":{"title":"A propos | Hypnose et Th\u00e9rapies br\u00e8ves","description":"Parce que l'hypnose et les th\u00e9rapies br\u00e8ves suscitent beaucoup d'interrogation, parce que les th\u00e9rapeutes sont nombreux et que le client...","robots":{"index":"index","follow":"follow","max-snippet":"max-snippet:-1","max-image-preview":"max-image-preview:large","max-video-preview":"max-video-preview:-1"},"canonical":"https:\/\/nathaliecopinhypnosechalon.fr\/index.php\/a-propos\/","og_locale":"fr_FR","og_type":"article","og_title":"A propos | Hypnose et Th\u00e9rapies br\u00e8ves","og_description":"Parce que l'hypnose et les th\u00e9rapies br\u00e8ves suscitent beaucoup d'interrogation, parce que les th\u00e9rapeutes sont nombreux et que le client...","og_url":"https:\/\/nathaliecopinhypnosechalon.fr\/index.php\/a-propos\/","og_site_name":"Hypnose et th\u00e9rapies br\u00e8ves","article_publisher":"https:\/\/www.facebook.com\/hypnose.chalon.sur.saone\/","article_modified_time":"2021-06-03T17:13:50+00:00","twitter_card":"summary_large_image","twitter_misc":{"Dur\u00e9e de lecture estim\u00e9e":"1 minute"},"schema":{"@context":"https:\/\/schema.org","@graph":[{"@type":"WebPage","@id":"https:\/\/nathaliecopinhypnosechalon.fr\/index.php\/a-propos\/","url":"https:\/\/nathaliecopinhypnosechalon.fr\/index.php\/a-propos\/","name":"A propos | Hypnose et Th\u00e9rapies br\u00e8ves","isPartOf":{"@id":"https:\/\/nathaliecopinhypnosechalon.fr\/#website"},"datePublished":"2016-06-05T16:31:22+00:00","dateModified":"2021-06-03T17:13:50+00:00","description":"Parce que l'hypnose et les th\u00e9rapies br\u00e8ves suscitent beaucoup d'interrogation, parce que les th\u00e9rapeutes sont nombreux et que le client...","breadcrumb":{"@id":"https:\/\/nathaliecopinhypnosechalon.fr\/index.php\/a-propos\/#breadcrumb"},"inLanguage":"fr-FR","potentialAction":[{"@type":"ReadAction","target":["https:\/\/nathaliecopinhypnosechalon.fr\/index.php\/a-propos\/"]}]},{"@type":"BreadcrumbList","@id":"https:\/\/nathaliecopinhypnosechalon.fr\/index.php\/a-propos\/#breadcrumb","itemListElement":[{"@type":"ListItem","position":1,"name":"Accueil","item":"https:\/\/nathaliecopinhypnosechalon.fr\/"},{"@type":"ListItem","position":2,"name":"A propos"}]},{"@type":"WebSite","@id":"https:\/\/nathaliecopinhypnosechalon.fr\/#website","url":"https:\/\/nathaliecopinhypnosechalon.fr\/","name":"Hypnose et th\u00e9rapies br\u00e8ves","description":"Soyez bien, simplement","publisher":{"@id":"https:\/\/nathaliecopinhypnosechalon.fr\/#\/schema\/person\/f445a33ca84b3d1cd3694ae243e8f500"},"potentialAction":[{"@type":"SearchAction","target":{"@type":"EntryPoint","urlTemplate":"https:\/\/nathaliecopinhypnosechalon.fr\/?s={search_term_string}"},"query-input":{"@type":"PropertyValueSpecification","valueRequired":true,"valueName":"search_term_string"}}],"inLanguage":"fr-FR"},{"@type":["Person","Organization"],"@id":"https:\/\/nathaliecopinhypnosechalon.fr\/#\/schema\/person\/f445a33ca84b3d1cd3694ae243e8f500","name":"Nathalie Copin","image":{"@type":"ImageObject","inLanguage":"fr-FR","@id":"https:\/\/nathaliecopinhypnosechalon.fr\/#\/schema\/person\/image\/","url":"https:\/\/secure.gravatar.com\/avatar\/3cb492c8ea2c5179fe5740e2c6111bc2?s=96&d=mm&r=g","contentUrl":"https:\/\/secure.gravatar.com\/avatar\/3cb492c8ea2c5179fe5740e2c6111bc2?s=96&d=mm&r=g","caption":"Nathalie Copin"},"logo":{"@id":"https:\/\/nathaliecopinhypnosechalon.fr\/#\/schema\/person\/image\/"},"sameAs":["https:\/\/nathaliecopinhypnosechalon.fr\/","https:\/\/www.facebook.com\/hypnose.chalon.sur.saone\/","https:\/\/www.youtube.com\/channel\/UC6MzQg6N2SzBxmVIVb4FJTQ"]}]}},"_links":{"self":[{"href":"https:\/\/nathaliecopinhypnosechalon.fr\/index.php\/wp-json\/wp\/v2\/pages\/28"}],"collection":[{"href":"https:\/\/nathaliecopinhypnosechalon.fr\/index.php\/wp-json\/wp\/v2\/pages"}],"about":[{"href":"https:\/\/nathaliecopinhypnosechalon.fr\/index.php\/wp-json\/wp\/v2\/types\/page"}],"author":[{"embeddable":true,"href":"https:\/\/nathaliecopinhypnosechalon.fr\/index.php\/wp-json\/wp\/v2\/users\/1"}],"replies":[{"embeddable":true,"href":"https:\/\/nathaliecopinhypnosechalon.fr\/index.php\/wp-json\/wp\/v2\/comments?post=28"}],"version-history":[{"count":2,"href":"https:\/\/nathaliecopinhypnosechalon.fr\/index.php\/wp-json\/wp\/v2\/pages\/28\/revisions"}],"predecessor-version":[{"id":244,"href":"https:\/\/nathaliecopinhypnosechalon.fr\/index.php\/wp-json\/wp\/v2\/pages\/28\/revisions\/244"}],"wp:attachment":[{"href":"https:\/\/nathaliecopinhypnosechalon.fr\/index.php\/wp-json\/wp\/v2\/media?parent=28"}],"curies":[{"name":"wp","href":"https:\/\/api.w.org\/{rel}","templated":true}]}}