{"id":359,"date":"2023-03-07T11:01:22","date_gmt":"2023-03-07T10:01:22","guid":{"rendered":"http:\/\/nathaliecopinhypnosechalon.fr\/?page_id=359"},"modified":"2023-05-02T15:51:16","modified_gmt":"2023-05-02T13:51:16","slug":"atelier-auto-hypnose","status":"publish","type":"page","link":"https:\/\/nathaliecopinhypnosechalon.fr\/index.php\/atelier-auto-hypnose\/","title":{"rendered":"Atelier d&rsquo;auto-hypnose"},"content":{"rendered":"\n<p><strong><em>Imaginez &#8230; vous \u00eates en capacit\u00e9 d&rsquo;entrer simplement dans un agr\u00e9able \u00e9tat de conscience modifi\u00e9. Entre r\u00eave et r\u00e9alit\u00e9, vous allez \u00e0 la rencontre de vos ressources pour travailler sur vous, \u00e0 votre rythme&#8230;<\/em><\/strong> <strong><em>Acc\u00e9dez facilement \u00e0 votre inconscient, cette partie de vous trop souvent ignor\u00e9e<\/em><\/strong>&#8230;<\/p>\n\n\n\n<figure class=\"wp-block-image is-resized\"><img loading=\"lazy\" decoding=\"async\" src=\"http:\/\/nathaliecopinhypnosechalon.fr\/wp-content\/uploads\/2020\/09\/stairs-3112405_1920-1024x682.jpg\" alt=\"\" class=\"wp-image-360\" width=\"642\" height=\"427\" srcset=\"https:\/\/nathaliecopinhypnosechalon.fr\/wp-content\/uploads\/2020\/09\/stairs-3112405_1920-1024x682.jpg 1024w, https:\/\/nathaliecopinhypnosechalon.fr\/wp-content\/uploads\/2020\/09\/stairs-3112405_1920-300x200.jpg 300w, https:\/\/nathaliecopinhypnosechalon.fr\/wp-content\/uploads\/2020\/09\/stairs-3112405_1920-768x512.jpg 768w, https:\/\/nathaliecopinhypnosechalon.fr\/wp-content\/uploads\/2020\/09\/stairs-3112405_1920-676x450.jpg 676w, https:\/\/nathaliecopinhypnosechalon.fr\/wp-content\/uploads\/2020\/09\/stairs-3112405_1920.jpg 1920w\" sizes=\"(max-width: 642px) 100vw, 642px\" \/><\/figure>\n\n\n\n<h2 class=\"wp-block-heading\">Les ateliers d&rsquo;auto-hypnose vous permettent:<\/h2>\n\n\n\n<ul><li>de g\u00e9rer en autonomie vos \u00e9motions difficiles<\/li><li>de recharger vos batteries<\/li><li>de traiter des troubles psychosomatiques<\/li><li>de diminuer des douleurs physiques ou psychiques<\/li><li>d&rsquo;apprivoiser les mauvaises habitudes<\/li><li>de mieux se connaitre<\/li><li>bien d&rsquo;autres choses encore&#8230;.<\/li><\/ul>\n\n\n\n<h2 class=\"wp-block-heading\">Le d\u00e9roulement <\/h2>\n\n\n\n<ul><li>Vous apprenez la technique pour atteindre un \u00e9tat hypnotique agr\u00e9able <\/li><li>Vous apprenez \u00e0 d\u00e9finir l&rsquo;objectif de votre s\u00e9ance pour la rendre utile et efficace<\/li><li>Vous r\u00e9alisez 2 ou 3 protocoles:  votre \u00ab\u00a0lieu de s\u00e9curit\u00e9\u00a0\u00bb, un protocole de nettoyage,  un cheminement virtuel.<\/li><li>Je vous envoie le livret aide-m\u00e9moire <\/li><\/ul>\n\n\n\n<h2 class=\"wp-block-heading\">Les modalit\u00e9s<\/h2>\n\n\n\n<ul><li>Dur\u00e9e: 3h00<\/li><li>Co\u00fbt: 95 euros<\/li><li>mat\u00e9riel: l&rsquo;atelier se d\u00e9roule assis et debout, toutefois, la pratique allong\u00e9e est possible pour les personnes qui supportent mal les autres stations. Dans ce cas, apporter un tapis de yoga ou \u00e9quivalent. Prenez de quoi prendre quelque notes \u00e9ventuellement, mais surtout nous pratiquons<\/li><\/ul>\n\n\n\n<h2 class=\"wp-block-heading\">Lieu<\/h2>\n\n\n\n<p>L&rsquo;atelier se d\u00e9roule d\u00e9sormais \u00e0 \u00ab\u00a0la pomme verte\u00a0\u00bb , 12 rue du docteur Mauchamps, \u00e0  Chalon\/S <\/p>\n\n\n\n<h2 class=\"wp-block-heading\">Dates<\/h2>\n\n\n\n<p>A Chalon: <\/p>\n\n\n\n<p>3 d\u00e9cembre 2022<\/p>\n\n\n\n<p>7 janvier 2023<\/p>\n\n\n\n<p>4 f\u00e9vrier 2023<\/p>\n\n\n\n<p>1er avril 2023 <\/p>\n\n\n\n<p><strong>3 juin 2023<\/strong><\/p>\n\n\n\n<p>9 septembre 2023<\/p>\n\n\n\n<p><\/p>\n\n\n\n<p><\/p>\n\n\n\n<h2 class=\"wp-block-heading\">Pour vous inscrire<\/h2>\n\n\n\n<p>Appelez moi directement au 06 40 78 81 15 ou envoyez moi un mail \u00e0 nathalie.copin976@gmail.com<\/p>\n","protected":false},"excerpt":{"rendered":"<p>Imaginez &#8230; vous \u00eates en capacit\u00e9 d&rsquo;entrer simplement dans un agr\u00e9able \u00e9tat de conscience modifi\u00e9. Entre r\u00eave et r\u00e9alit\u00e9, vous allez \u00e0 la rencontre de vos ressources pour travailler sur vous, \u00e0 votre rythme&#8230; Acc\u00e9dez facilement \u00e0 votre inconscient, cette partie de vous trop souvent ignor\u00e9e&#8230; Les ateliers d&rsquo;auto-hypnose vous permettent: de g\u00e9rer en autonomie [&hellip;]<\/p>\n","protected":false},"author":1,"featured_media":0,"parent":0,"menu_order":0,"comment_status":"closed","ping_status":"closed","template":"","meta":{"footnotes":""},"yoast_head":"<!-- This site is optimized with the Yoast SEO plugin v23.5 - https:\/\/yoast.com\/wordpress\/plugins\/seo\/ -->\n<title>Les Ateliers d&#039;auto-hypnose | Hypnose et th\u00e9rapies br\u00e8ves<\/title>\n<meta name=\"description\" content=\"Partcipez \u00e0 mes ateliers d&#039;auto-hypnose afin de g\u00e9rer en autonomie vos \u00e9motions, traiter des troubles psychosomatiques difficiles, etc...\" \/>\n<meta name=\"robots\" content=\"index, follow, max-snippet:-1, max-image-preview:large, max-video-preview:-1\" \/>\n<link rel=\"canonical\" href=\"https:\/\/nathaliecopinhypnosechalon.fr\/index.php\/atelier-auto-hypnose\/\" \/>\n<meta property=\"og:locale\" content=\"fr_FR\" \/>\n<meta property=\"og:type\" content=\"article\" \/>\n<meta property=\"og:title\" content=\"Les Ateliers d&#039;auto-hypnose | Hypnose et th\u00e9rapies br\u00e8ves\" \/>\n<meta property=\"og:description\" content=\"Partcipez \u00e0 mes ateliers d&#039;auto-hypnose afin de g\u00e9rer en autonomie vos \u00e9motions, traiter des troubles psychosomatiques difficiles, etc...\" \/>\n<meta property=\"og:url\" content=\"https:\/\/nathaliecopinhypnosechalon.fr\/index.php\/atelier-auto-hypnose\/\" \/>\n<meta property=\"og:site_name\" content=\"Hypnose et th\u00e9rapies br\u00e8ves\" \/>\n<meta property=\"article:publisher\" content=\"https:\/\/www.facebook.com\/hypnose.chalon.sur.saone\/\" \/>\n<meta property=\"article:modified_time\" content=\"2023-05-02T13:51:16+00:00\" \/>\n<meta property=\"og:image\" content=\"http:\/\/nathaliecopinhypnosechalon.fr\/wp-content\/uploads\/2020\/09\/stairs-3112405_1920-1024x682.jpg\" \/>\n<meta name=\"twitter:card\" content=\"summary_large_image\" \/>\n<meta name=\"twitter:label1\" content=\"Dur\u00e9e de lecture estim\u00e9e\" \/>\n\t<meta name=\"twitter:data1\" content=\"2 minutes\" \/>\n<script type=\"application\/ld+json\" class=\"yoast-schema-graph\">{\"@context\":\"https:\/\/schema.org\",\"@graph\":[{\"@type\":\"WebPage\",\"@id\":\"https:\/\/nathaliecopinhypnosechalon.fr\/index.php\/atelier-auto-hypnose\/\",\"url\":\"https:\/\/nathaliecopinhypnosechalon.fr\/index.php\/atelier-auto-hypnose\/\",\"name\":\"Les Ateliers d'auto-hypnose | Hypnose et th\u00e9rapies br\u00e8ves\",\"isPartOf\":{\"@id\":\"https:\/\/nathaliecopinhypnosechalon.fr\/#website\"},\"primaryImageOfPage\":{\"@id\":\"https:\/\/nathaliecopinhypnosechalon.fr\/index.php\/atelier-auto-hypnose\/#primaryimage\"},\"image\":{\"@id\":\"https:\/\/nathaliecopinhypnosechalon.fr\/index.php\/atelier-auto-hypnose\/#primaryimage\"},\"thumbnailUrl\":\"http:\/\/nathaliecopinhypnosechalon.fr\/wp-content\/uploads\/2020\/09\/stairs-3112405_1920-1024x682.jpg\",\"datePublished\":\"2023-03-07T10:01:22+00:00\",\"dateModified\":\"2023-05-02T13:51:16+00:00\",\"description\":\"Partcipez \u00e0 mes ateliers d'auto-hypnose afin de g\u00e9rer en autonomie vos \u00e9motions, traiter des troubles psychosomatiques difficiles, etc...\",\"breadcrumb\":{\"@id\":\"https:\/\/nathaliecopinhypnosechalon.fr\/index.php\/atelier-auto-hypnose\/#breadcrumb\"},\"inLanguage\":\"fr-FR\",\"potentialAction\":[{\"@type\":\"ReadAction\",\"target\":[\"https:\/\/nathaliecopinhypnosechalon.fr\/index.php\/atelier-auto-hypnose\/\"]}]},{\"@type\":\"ImageObject\",\"inLanguage\":\"fr-FR\",\"@id\":\"https:\/\/nathaliecopinhypnosechalon.fr\/index.php\/atelier-auto-hypnose\/#primaryimage\",\"url\":\"https:\/\/nathaliecopinhypnosechalon.fr\/wp-content\/uploads\/2020\/09\/stairs-3112405_1920.jpg\",\"contentUrl\":\"https:\/\/nathaliecopinhypnosechalon.fr\/wp-content\/uploads\/2020\/09\/stairs-3112405_1920.jpg\",\"width\":1920,\"height\":1279},{\"@type\":\"BreadcrumbList\",\"@id\":\"https:\/\/nathaliecopinhypnosechalon.fr\/index.php\/atelier-auto-hypnose\/#breadcrumb\",\"itemListElement\":[{\"@type\":\"ListItem\",\"position\":1,\"name\":\"Accueil\",\"item\":\"https:\/\/nathaliecopinhypnosechalon.fr\/\"},{\"@type\":\"ListItem\",\"position\":2,\"name\":\"Atelier d&rsquo;auto-hypnose\"}]},{\"@type\":\"WebSite\",\"@id\":\"https:\/\/nathaliecopinhypnosechalon.fr\/#website\",\"url\":\"https:\/\/nathaliecopinhypnosechalon.fr\/\",\"name\":\"Hypnose et th\u00e9rapies br\u00e8ves\",\"description\":\"Soyez bien, simplement\",\"publisher\":{\"@id\":\"https:\/\/nathaliecopinhypnosechalon.fr\/#\/schema\/person\/f445a33ca84b3d1cd3694ae243e8f500\"},\"potentialAction\":[{\"@type\":\"SearchAction\",\"target\":{\"@type\":\"EntryPoint\",\"urlTemplate\":\"https:\/\/nathaliecopinhypnosechalon.fr\/?s={search_term_string}\"},\"query-input\":{\"@type\":\"PropertyValueSpecification\",\"valueRequired\":true,\"valueName\":\"search_term_string\"}}],\"inLanguage\":\"fr-FR\"},{\"@type\":[\"Person\",\"Organization\"],\"@id\":\"https:\/\/nathaliecopinhypnosechalon.fr\/#\/schema\/person\/f445a33ca84b3d1cd3694ae243e8f500\",\"name\":\"Nathalie Copin\",\"image\":{\"@type\":\"ImageObject\",\"inLanguage\":\"fr-FR\",\"@id\":\"https:\/\/nathaliecopinhypnosechalon.fr\/#\/schema\/person\/image\/\",\"url\":\"https:\/\/secure.gravatar.com\/avatar\/3cb492c8ea2c5179fe5740e2c6111bc2?s=96&d=mm&r=g\",\"contentUrl\":\"https:\/\/secure.gravatar.com\/avatar\/3cb492c8ea2c5179fe5740e2c6111bc2?s=96&d=mm&r=g\",\"caption\":\"Nathalie Copin\"},\"logo\":{\"@id\":\"https:\/\/nathaliecopinhypnosechalon.fr\/#\/schema\/person\/image\/\"},\"sameAs\":[\"https:\/\/nathaliecopinhypnosechalon.fr\/\",\"https:\/\/www.facebook.com\/hypnose.chalon.sur.saone\/\",\"https:\/\/www.youtube.com\/channel\/UC6MzQg6N2SzBxmVIVb4FJTQ\"]}]}<\/script>\n<!-- \/ Yoast SEO plugin. -->","yoast_head_json":{"title":"Les Ateliers d'auto-hypnose | Hypnose et th\u00e9rapies br\u00e8ves","description":"Partcipez \u00e0 mes ateliers d'auto-hypnose afin de g\u00e9rer en autonomie vos \u00e9motions, traiter des troubles psychosomatiques difficiles, etc...","robots":{"index":"index","follow":"follow","max-snippet":"max-snippet:-1","max-image-preview":"max-image-preview:large","max-video-preview":"max-video-preview:-1"},"canonical":"https:\/\/nathaliecopinhypnosechalon.fr\/index.php\/atelier-auto-hypnose\/","og_locale":"fr_FR","og_type":"article","og_title":"Les Ateliers d'auto-hypnose | Hypnose et th\u00e9rapies br\u00e8ves","og_description":"Partcipez \u00e0 mes ateliers d'auto-hypnose afin de g\u00e9rer en autonomie vos \u00e9motions, traiter des troubles psychosomatiques difficiles, etc...","og_url":"https:\/\/nathaliecopinhypnosechalon.fr\/index.php\/atelier-auto-hypnose\/","og_site_name":"Hypnose et th\u00e9rapies br\u00e8ves","article_publisher":"https:\/\/www.facebook.com\/hypnose.chalon.sur.saone\/","article_modified_time":"2023-05-02T13:51:16+00:00","og_image":[{"url":"http:\/\/nathaliecopinhypnosechalon.fr\/wp-content\/uploads\/2020\/09\/stairs-3112405_1920-1024x682.jpg"}],"twitter_card":"summary_large_image","twitter_misc":{"Dur\u00e9e de lecture estim\u00e9e":"2 minutes"},"schema":{"@context":"https:\/\/schema.org","@graph":[{"@type":"WebPage","@id":"https:\/\/nathaliecopinhypnosechalon.fr\/index.php\/atelier-auto-hypnose\/","url":"https:\/\/nathaliecopinhypnosechalon.fr\/index.php\/atelier-auto-hypnose\/","name":"Les Ateliers d'auto-hypnose | Hypnose et th\u00e9rapies br\u00e8ves","isPartOf":{"@id":"https:\/\/nathaliecopinhypnosechalon.fr\/#website"},"primaryImageOfPage":{"@id":"https:\/\/nathaliecopinhypnosechalon.fr\/index.php\/atelier-auto-hypnose\/#primaryimage"},"image":{"@id":"https:\/\/nathaliecopinhypnosechalon.fr\/index.php\/atelier-auto-hypnose\/#primaryimage"},"thumbnailUrl":"http:\/\/nathaliecopinhypnosechalon.fr\/wp-content\/uploads\/2020\/09\/stairs-3112405_1920-1024x682.jpg","datePublished":"2023-03-07T10:01:22+00:00","dateModified":"2023-05-02T13:51:16+00:00","description":"Partcipez \u00e0 mes ateliers d'auto-hypnose afin de g\u00e9rer en autonomie vos \u00e9motions, traiter des troubles psychosomatiques difficiles, etc...","breadcrumb":{"@id":"https:\/\/nathaliecopinhypnosechalon.fr\/index.php\/atelier-auto-hypnose\/#breadcrumb"},"inLanguage":"fr-FR","potentialAction":[{"@type":"ReadAction","target":["https:\/\/nathaliecopinhypnosechalon.fr\/index.php\/atelier-auto-hypnose\/"]}]},{"@type":"ImageObject","inLanguage":"fr-FR","@id":"https:\/\/nathaliecopinhypnosechalon.fr\/index.php\/atelier-auto-hypnose\/#primaryimage","url":"https:\/\/nathaliecopinhypnosechalon.fr\/wp-content\/uploads\/2020\/09\/stairs-3112405_1920.jpg","contentUrl":"https:\/\/nathaliecopinhypnosechalon.fr\/wp-content\/uploads\/2020\/09\/stairs-3112405_1920.jpg","width":1920,"height":1279},{"@type":"BreadcrumbList","@id":"https:\/\/nathaliecopinhypnosechalon.fr\/index.php\/atelier-auto-hypnose\/#breadcrumb","itemListElement":[{"@type":"ListItem","position":1,"name":"Accueil","item":"https:\/\/nathaliecopinhypnosechalon.fr\/"},{"@type":"ListItem","position":2,"name":"Atelier d&rsquo;auto-hypnose"}]},{"@type":"WebSite","@id":"https:\/\/nathaliecopinhypnosechalon.fr\/#website","url":"https:\/\/nathaliecopinhypnosechalon.fr\/","name":"Hypnose et th\u00e9rapies br\u00e8ves","description":"Soyez bien, simplement","publisher":{"@id":"https:\/\/nathaliecopinhypnosechalon.fr\/#\/schema\/person\/f445a33ca84b3d1cd3694ae243e8f500"},"potentialAction":[{"@type":"SearchAction","target":{"@type":"EntryPoint","urlTemplate":"https:\/\/nathaliecopinhypnosechalon.fr\/?s={search_term_string}"},"query-input":{"@type":"PropertyValueSpecification","valueRequired":true,"valueName":"search_term_string"}}],"inLanguage":"fr-FR"},{"@type":["Person","Organization"],"@id":"https:\/\/nathaliecopinhypnosechalon.fr\/#\/schema\/person\/f445a33ca84b3d1cd3694ae243e8f500","name":"Nathalie Copin","image":{"@type":"ImageObject","inLanguage":"fr-FR","@id":"https:\/\/nathaliecopinhypnosechalon.fr\/#\/schema\/person\/image\/","url":"https:\/\/secure.gravatar.com\/avatar\/3cb492c8ea2c5179fe5740e2c6111bc2?s=96&d=mm&r=g","contentUrl":"https:\/\/secure.gravatar.com\/avatar\/3cb492c8ea2c5179fe5740e2c6111bc2?s=96&d=mm&r=g","caption":"Nathalie Copin"},"logo":{"@id":"https:\/\/nathaliecopinhypnosechalon.fr\/#\/schema\/person\/image\/"},"sameAs":["https:\/\/nathaliecopinhypnosechalon.fr\/","https:\/\/www.facebook.com\/hypnose.chalon.sur.saone\/","https:\/\/www.youtube.com\/channel\/UC6MzQg6N2SzBxmVIVb4FJTQ"]}]}},"_links":{"self":[{"href":"https:\/\/nathaliecopinhypnosechalon.fr\/index.php\/wp-json\/wp\/v2\/pages\/359"}],"collection":[{"href":"https:\/\/nathaliecopinhypnosechalon.fr\/index.php\/wp-json\/wp\/v2\/pages"}],"about":[{"href":"https:\/\/nathaliecopinhypnosechalon.fr\/index.php\/wp-json\/wp\/v2\/types\/page"}],"author":[{"embeddable":true,"href":"https:\/\/nathaliecopinhypnosechalon.fr\/index.php\/wp-json\/wp\/v2\/users\/1"}],"replies":[{"embeddable":true,"href":"https:\/\/nathaliecopinhypnosechalon.fr\/index.php\/wp-json\/wp\/v2\/comments?post=359"}],"version-history":[{"count":20,"href":"https:\/\/nathaliecopinhypnosechalon.fr\/index.php\/wp-json\/wp\/v2\/pages\/359\/revisions"}],"predecessor-version":[{"id":506,"href":"https:\/\/nathaliecopinhypnosechalon.fr\/index.php\/wp-json\/wp\/v2\/pages\/359\/revisions\/506"}],"wp:attachment":[{"href":"https:\/\/nathaliecopinhypnosechalon.fr\/index.php\/wp-json\/wp\/v2\/media?parent=359"}],"curies":[{"name":"wp","href":"https:\/\/api.w.org\/{rel}","templated":true}]}}